 = -d - 3*h, 2*d = d - h + 26. What is the remainder when d is divided by x(17)?
8
Suppose 5*l + v - 1113 = 0, 0 = -13*l + 8*l + 4*v + 1098. Calculate the remainder when l is divided by 7.
5
Let b = 13 - 13. Suppose b*p + 8 = 2*p. Suppose -p*d + 4 = -4. What is the remainder when 2 is divided by d?
0
Let g be 30/(-1 + 35/25). Let h = g + -59. What is the remainder when 61 is divided by h?
13
Let a(w) = 8*w + 118. Calculate the remainder when 96 is divided by a(-10).
20
Suppose 6 = 2*b + 4*c, -4*b + 2*c + 57 = c. Calculate the remainder when (-357)/14*(-2)/1 is divided by b.
12
Let o(k) = -24*k + 1. Let z be o(3). Let c = -51 - z. What is the remainder when c is divided by (-46)/115 + (-114)/(-10)?
9
Suppose 23370 = 60*b + 22*b. Calculate the remainder when b is divided by 42.
33
Suppose 1 = 3*i - 11. Suppose i*u = 6*u - 56. Suppose -3*o - r = -245, 4*o - 2*o + 2*r - 162 = 0. What is the remainder when o is divided by u?
26
Let q(p) = -3*p - 1. Let j = 211 - 141. Let x = j + -63. Calculate the remainder when q(-4) is divided by x.
4
Let l(x) = 2*x**2 + 14*x - 8. Let f be l(-8). Suppose f*y + 10 - 34 = 0. Calculate the remainder when 8 is divided by y.
2
Let v be 10/3 - (-12)/18. Let a(i) = i**3 - 4*i**2 + i. Let y(c) = -8*c**3 - 2*c**2 - c. Calculate the remainder when y(-1) is divided by a(v).
3
Suppose -36 = 68*f - 988. Calculate the remainder when 515 is divided by f.
11
Calculate the remainder when 136 is divided by (-413)/(-6) + 780/(-72) + 11.
67
Let s(y) = y**2 + 5*y + 5. Let q be s(5). Suppose 15 = -2*b + q. Calculate the remainder when 63 is divided by ((-124)/b + 3)*-5.
15
Let s(k) = k**2 + 20*k + 53. What is the remainder when 43 is divided by s(-18)?
9
Let i = -59 - -84. Let g = -21 + i. Calculate the remainder when 26 is divided by g.
2
Let u(m) = 91*m. Let d = -224 + 255. Calculate the remainder when u(1) is divided by d.
29
Suppose -11*u + 28 = -9*u. Suppose l = -5*r + 19, 5*l - 2*r - 95 = -4*r. Suppose 125 = -u*j + l*j. Calculate the remainder when j is divided by 14.
11
Suppose 17*l - 309 = 99. What is the remainder when l is divided by 9?
6
Let r = 22 - 24. What is the remainder when 59 is divided by 1/(r/(-32)*2)?
3
Let s = -1553 + 1556. Calculate the remainder when 54 is divided by s.
0
Let g(w) = w**3 - 3*w**2 - 3*w - 1. Let u be g(4). Suppose 36 = 2*p - 22. Suppose -16 - p = -u*q. What is the remainder when q is divided by 4?
3
Let d(p) = -p**2 + 12*p + 16. Let o be d(11). Let k = 38 - -57. Calculate the remainder when k is divided by o - (4 - (0 - -1)).
23
Let x(v) = 6*v + 13. Calculate the remainder when x(15) is divided by 54.
49
Suppose -5*b + 5*p = -375, -330 = -3*b - b - 2*p. What is the remainder when b is divided by 9?
8
Suppose -64 = -2*l - 2*d, -4*l + 22 = -3*l + 3*d. What is the remainder when l is divided by 12?
1
Suppose -5*l + 99 = -v + 5*v, -2*v + 38 = 2*l. What is the remainder when l is divided by (4/(-6))/(-6 + 371/63)?
5
Suppose 3*b + 57 = 2*l, 30 = l - b - 0*b. Let o = l - -36. What is the remainder when o is divided by 18?
15
Let l = 72 + -24. Suppose c = -i + l + 7, -2*i - 282 = -5*c. Calculate the remainder when c is divided by 31.
25
Let a(j) = 46*j**2 - 5*j - 28. Calculate the remainder when a(-3) is divided by 9.
5
Suppose 12*n + 52 = 4*v + 10*n, 0 = v - 3*n - 3. Calculate the remainder when 748 is divided by v.
13
Suppose -6*s = -2*s + 5564. Let j = 16 - 2. Calculate the remainder when (-1)/(-4) - s/52 is divided by j.
13
Suppose -34*j = -36*j + 28. Suppose 0 = -j*q + 5*q + 288. Suppose 0*b + b - 17 = 0. Calculate the remainder when q is divided by b.
15
Suppose -16 = k - 24. Suppose -37 = -2*u - 11. What is the remainder when u is divided by k?
5
Suppose -50 = 3*o - 2. Calculate the remainder when o/(-2)*3/(-6) + 64 is divided by 16.
12
Suppose n - 2*n = 3*v + 64, -n + 74 = -3*v. Let g = v + 39. Suppose 145 = 3*z - u, 5*z - 137 = 2*z - u. Calculate the remainder when z is divided by g.
15
Suppose -8*u + 4 = -244. Calculate the remainder when 118/4*(-1 - -3) is divided by u.
28
Let d be -34 + 3 - (1 - (3 + -5)). Let q = -27 - d. What is the remainder when 8 is divided by q?
1
Let y = -16 + 24. Let b = 4776 - 4721. What is the remainder when b is divided by y?
7
Suppose -90 = -5*p + 5*s, 2 = 2*p + s - 40. Calculate the remainder when 98 is divided by p.
18
Suppose -n = -5*b - 57, -11*b + 9*b + 188 = 3*n. Calculate the remainder when n is divided by 11.
7
Let t(b) = 16*b + 18. Let d be t(7). Let u = d - 29. Calculate the remainder when u is divided by 8.
5
Suppose 0 = -14*b + 12*b + 194. Let d = b + -86. Calculate the remainder when 25 is divided by d.
3
Suppose 5*l = -44*x + 43*x - 21, 0 = 3*x + 7*l + 23. What is the remainder when 126 is divided by x?
2
Suppose j = -2*h + 7, 7 = -4*h - j + 18. Let y = 45 - h. Let f = 1769 - 1758. Calculate the remainder when y is divided by f.
10
Suppose 46*x - 8261 - 7701 = 0. Calculate the remainder when x is divided by 11.
6
Let i = -844 + 841. Suppose -5*t - 6 = -1. What is the remainder when 17 is divided by 15/9*i/t?
2
Let r(c) = -c + 8. Suppose -4*t = -0*t. Suppose 4*m = m - 2*b + 179, t = 4*m - b - 224. What is the remainder when m is divided by r(-7)?
12
Suppose r - 5*p = 18, -4*p + 3*p = -4*r + 129. Calculate the remainder when r is divided by 10.
3
Let l(j) = -27*j + 102. Calculate the remainder when l(-3) is divided by 46.
45
Let g(r) be the first derivative of -r**3/3 + 6*r**2 + r + 39. Let x be (-31)/(-3) - 3/9. Calculate the remainder when g(x) is divided by 8.
5
Let w(m) = 19*m - 108. Let j(h) = -h**3 - 3*h**2 - h + 3. What is the remainder when j(-3) is divided by w(6)?
0
Suppose -10 = -2*m - 2*y + 10, -m + 9 = 2*y. Let g be (-13)/(-3) - (-1)/(-3). Suppose 60 = g*f - 24. What is the remainder when f is divided by m?
10
Suppose 0 = 5*u + 2*l - 25, l - 4 = 5*u - 29. Suppose 4*v + 5*c = 49, u*c - 53 = -5*v + 2. What is the remainder when 13 is divided by v/10 + 296/40?
5
Suppose 4*k + 5*w - 70 = 0, -16*w = k - 15*w - 17. Calculate the remainder when 176 is divided by k.
11
Suppose -2*o = -136 + 2. Suppose -n = 3*d - 340, 3*d + 0*d - 350 = n. Suppose 12*p - 7*p - d = 0. Calculate the remainder when o is divided by p.
21
Let h(p) = -15*p**2 + 127*p - 7. What is the remainder when h(8) is divided by 4?
1
Let x = -812 + 834. What is the remainder when x is divided by 10?
2
Suppose -t = -f - 13 - 6, -3*t - 5*f + 17 = 0. Suppose -62 = -t*h + 288. Calculate the remainder when h is divided by 14.
11
Let i = 18 - -84. Let d = 38 - 12. What is the remainder when i is divided by d?
24
Suppose 4*v + 3*d = 6*d + 47, 0 = 4*d + 20. What is the remainder when 479 is divided by v?
7
Let n(s) = s**2 + 39. Let b(l) = 9*l + 18. Let g(y) = 26*y + 53. Let c(h) = 17*b(h) - 6*g(h). Let a be c(-4). What is the remainder when n(a) is divided by 14?
11
Let v = 21 - 14. Let s = -58 - -99. Let i = -21 + s. What is the remainder when i is divided by v?
6
Calculate the remainder when 127 is divided by (7 - 6)/((-12)/(-8))*33.
17
Let s(k) = 4*k**3 + k - 1. Let v be s(1). Suppose -v*a + 55 = -53. Suppose p - a = 10. What is the remainder when p is divided by 13?
11
Suppose -w - 5*s = -26, w + 0*w + s = 10. Suppose w = -3*h, 5*h = -2*j - 0*h + 36. What is the remainder when j is divided by 12?
11
Let v(y) = 27*y + 1. Suppose 180*t - 15800 = 51*t - 1868. Calculate the remainder when t is divided by v(1).
24
Let h be 2/5 - (-56)/10. Let g(w) = 30*w - 2 - 5 - 26*w + 3*w**2 - 2*w**2. Calculate the remainder when g(h) is divided by 14.
11
Let b(k) = k**3 + 5*k**2 + 2*k + 1. Let o(m) = -2*m - 9. Let w be o(-5). Let z = -2 - w. What is the remainder when b(z) is divided by 6?
1
Let t(g) = g**2 + 7*g + 3. Let x be t(-8). Suppose -4*k = -3*z - 2 + x, -k = -3. Calculate the remainder when 11 is divided by z.
4
Let y = 36 + -29. Let g(u) = 2*u**2 - 5*u - 2. Calculate the remainder when g(y) is divided by 33.
28
Let m(n) = -n**3 - n**2 + n - 1. Let p(q) = 3*q**3 - 14*q**2 - 17*q + 23. Let c(l) = 2*m(l) + p(l). Calculate the remainder when c(17) is divided by 14.
13
Calculate the remainder when 464 is divided by (-4)/20 - 2548/(-65).
35
What is the remainder when (50/(-100))/(1/(-1374)) is divided by 30?
27
Suppose -4 = 2*o, -39 = -2*m - 5*o + 7. Suppose 15*x - 12*x = 42. Suppose x*s + 129 